z + z - 1 + 2. Determine n(1).
2
Let n = -112 - -116. Let l(c) = -c**3 + 4*c**2 + c + 1. Give l(n).
5
Let s(z) = -z**3 - 7*z**2 - 6*z + 8. Let q be (1/(-2))/(6/(-60)). Let u = -1 - q. What is s(u)?
8
Let s(z) = 4*z**2 + z + 1. Let g be s(-1). Let n(y) = -y + 5*y + y. Let f(b) = 11*b. Let h(p) = 4*f(p) - 9*n(p). Determine h(g).
-4
Let g(q) = -q - 1 + 2*q + 0*q. Calculate g(-5).
-6
Let g(c) = c**2 + 4*c - 8. Let b(d) = -2*d**2 - 7*d + 15. Let w(n) = -6*b(n) - 11*g(n). Calculate w(3).
1
Let s(g) = -g. Let u be s(-3). Suppose 5*y - u = 2*q, q + q = -4*y + 6. Let p(k) = -k**3 - 2*k**2 - 4*k - 4 + y - 3*k**2. Determine p(-4).
-3
Let x(m) = m**3 - 6*m**2 + 4*m + 7. Let l be x(5). Let h be (2 - 4) + l - 3. Let u(r) = -r**3 - 2*r**2 + 5*r + 4. What is u(h)?
-2
Let z(s) be the second derivative of -s**8/6720 + s**7/1260 + s**4/4 + 4*s. Let u(n) be the third derivative of z(n). Calculate u(3).
-9
Let w(h) = h**3 - 2*h**2 + 2*h - 1. Let s(q) = q**2 + 6*q + 6. Let f be s(-5). Determine w(f).
0
Let c(h) be the first derivative of h**2/2 - 2*h - 12. Let t be (-76)/28 - 4/14. What is c(t)?
-5
Let x(c) = c**2 - 9*c. Let k(r) = r**2 - 9*r. Let m(n) = -2*k(n) + 3*x(n). Give m(9).
0
Let t(l) = l + 6. Let p be t(-5). Let j(g) be the first derivative of -7*g**4/4 + g**3/3 - g - 3. What is j(p)?
-7
Suppose l + 0 = 2. Let w(c) = -8*c**2 - 3 - 1 + 3 - l*c. Calculate w(-1).
-7
Suppose q + 0*q - 10 = 0. Let u = -5 + q. Let k(z) = -3*z + 1 + 7*z + 1 + 1 - z**2. Determine k(u).
-2
Suppose -3*d + 4 = -d. Let n(l) = 5*l**2 - 2*l**d - 2*l**2 + 2 + 2*l. Let k(u) = u**3 + 5*u**2 + u + 2. Let c be k(-5). Give n(c).
5
Let w(z) = -z**3 - z**2 - 1. Let c(u) = 5*u**3 + 9*u**2 - 6*u - 3. Let n(o) = c(o) + 4*w(o). Determine n(-6).
-7
Let c = 18 + -15. Let n(d) be the second derivative of -1/20*d**5 + 0 - 1/3*d**c - 2*d + 1/4*d**4 - 1/2*d**2. What is n(3)?
-7
Let u(n) be the third derivative of 0*n + 1/2*n**3 + 1/12*n**4 + 9*n**2 + 0. What is u(-5)?
-7
Let g(x) be the first derivative of x**4/3 + x**3/6 - x**2/2 - 6*x + 6. Let u(f) be the first derivative of g(f). What is u(1)?
4
Let u(m) = -2*m + 1. Suppose -6 = -44*a + 41*a. What is u(a)?
-3
Let a(d) = -6*d + 9. Let b(s) = 3*s - 5. Let g(j) = -6*a(j) - 11*b(j). Suppose 5*n + 8 = 23. Calculate g(n).
10
Let p(u) = u**3 + 6*u**2 - 4*u + 1. Let k(o) = -o**2 - 1. Let j(g) = -2*k(g) - p(g). Give j(-5).
6
Let b(p) = p**3 + 6*p**2 + 5*p - 4. Let m be 16/2 - (11 - 8). Suppose -r = 5*q + 4, r - 3*q - 1 + m = 0. Determine b(r).
8
Let p(r) = -8*r**3 - 11*r**2 + 3*r + 26. Let o(n) = 3*n**3 + 4*n**2 - n - 9. Let a(t) = 11*o(t) + 4*p(t). Determine a(0).
5
Let d(z) be the third derivative of z**6/720 - z**5/20 - z**4/24 - 3*z**2. Let q(p) be the second derivative of d(p). What is q(6)?
0
Let c(s) = s**3 - 6*s**2 + 0 - 6 - 3*s + 10*s. Let x(k) = -k**2 - 12*k - 6. Let l be x(-11). What is c(l)?
4
Let z(j) = -3*j - 4. Let x(y) = 3*y + 4. Let t(w) = -4*x(w) - 3*z(w). What is t(-4)?
8
Let k(z) be the second derivative of 3*z + 1/2*z**2 + 0 + 1/6*z**3. Calculate k(-3).
-2
Let f be -3 - ((-4)/(-4))/((-1)/2). Let l(c) = 8*c**2 - 1. Give l(f).
7
Let z(v) be the second derivative of 3*v + 0 - 1/2*v**2 - 1/6*v**3. Calculate z(6).
-7
Let i(v) = -1 + 3*v**2 + 2 - 7*v**2 + 0. Determine i(1).
-3
Suppose -a + 16 = 4*m, -3 + 23 = 4*m + 2*a. Let h = 4 + -2. Let x(i) = m*i + i - h*i. Determine x(3).
6
Let h(t) = -15*t**2 - 4*t - 5. Let l(a) = -16*a**2 - 4*a - 6. Let b(k) = 5*h(k) - 4*l(k). Let r(n) = 5*n**2 + 2*n. Let g(f) = -6*b(f) - 13*r(f). What is g(4)?
14
Let c be (3 - 2)/(4/12). Let f(h) = h**2 - 4*h + 3. Determine f(c).
0
Let w(u) = -u**2 - 5*u. Suppose 4*s + 2 = 14. Suppose -i + 5 = 2*z - 0*z, s*i = -4*z + 5. Determine w(i).
0
Let w(b) = 3*b + 1. Let t be (-1 + -1)*(-9)/18. Give w(t).
4
Let q(o) = -o**3 - 12*o**2 - 13*o - 15. Suppose -2*c + 4*c = 5*r + 53, r + c = -12. Give q(r).
7
Let w be (-1)/(-1)*(-1 + 0). Let s(r) be the first derivative of r**3/3 + r**2 + 58. What is s(w)?
-1
Suppose 3*s - 4*s = 4*b - 8, 10 = 3*s - 2*b. Let i(j) = s*j**2 - 4*j - 2*j**3 + 3 - 4 + j**3. Calculate i(3).
-4
Let k(s) be the third derivative of -5*s**4/8 + s**3/6 + 30*s**2. Determine k(-1).
16
Let t(g) = g**2 + 6*g + 1. Let b be t(-6). Let f(c) = 9*c. Give f(b).
9
Let z(q) = 7*q - 1. Let y(u) = -2*u**2 + 10*u - 13. Let s(m) = m**2 - 5*m + 7. Let t(r) = 7*s(r) + 4*y(r). Let v be t(4). Give z(v).
6
Let y = -2 - -6. Suppose -q = y*a - 0*q + 10, 0 = q + 2. Let j(x) = -2*x**3 - 2*x + 4*x**2 - 2 + 4*x**3 + 4*x. Give j(a).
-6
Let w(l) = -5*l**2 + 2*l. Let c(k) = 14*k**2 - 5*k + 1. Let b(s) = -6*c(s) - 17*w(s). Calculate b(5).
-1
Let y(r) be the first derivative of r**3/6 - 3*r - 3. Let a(c) be the first derivative of y(c). Determine a(5).
5
Let c(g) = -g**2 - 5*g + 2. Let v(t) = 4*t - 3. Let b be v(3). Suppose m - 3 = -b. What is c(m)?
-4
Suppose -12 = 5*m - 9*m. Let f(t) = m*t - 1 + 2 + 3*t - t. Determine f(1).
6
Suppose -3*v - 5*n - 14 = 0, 2*n = 3*v - 6*v - 2. Let g = -4 + v. Let b(t) = 2*t**2 - 2*t - 1. Calculate b(g).
11
Let a = 6 + -3. Let t = 2 + a. Let u(j) = 2*j + 13. Let n(m) = -5*m - 27. Let q(p) = 3*n(p) + 7*u(p). What is q(t)?
5
Let y(d) = d**3 - 7*d**2 - 3*d + 3. Let p(u) = u**2 + 14*u + 20. Let v be p(-13). Determine y(v).
-18
Let d = 8 + -8. Let z(u) be the third derivative of u**6/120 - u**5/60 + u**2. Give z(d).
0
Let g(r) = 5 + 7 + 5*r**3 + 4*r**2 + 25*r + 0*r**3. Let f(q) = q**3 + q**2 + 6*q + 3. Let v(h) = -9*f(h) + 2*g(h). Give v(-2).
-7
Let x = -270 - -268. Let r(g) be the second derivative of 1/6*g**3 + g + 0 - g**2. Give r(x).
-4
Let b(w) = 7*w - 5. Let t(u) = -u + 1. Let y(n) = -b(n) - 6*t(n). Calculate y(-1).
0
Let n(c) = 12*c - 1. Suppose 0 = -4*l - 0*l + 4. Give n(l).
11
Let f = 1 - -3. Let n(p) = 6*p - 2. Let c be n(f). Suppose 0 = 2*j + 3*j + i - c, -17 = -4*j - i. Let q(b) = b**2 - 7*b + 1. Determine q(j).
-9
Let x(k) = -2 + 5*k - 2 - 1. Let p be x(9). Let y be ((-4)/10)/((-4)/p). Let u(q) = -q**3 + 4*q**2 - 3. Calculate u(y).
-3
Suppose -2*x = x + 6. Let m(s) = -3*s - 3. Calculate m(x).
3
Suppose 2*a - 1 = 5. Let v(x) = 6 - a*x + 2*x + 2. Give v(0).
8
Let o(r) = -4 + r**3 + 3*r**2 + r + 0*r**3 - r. Give o(-3).
-4
Let l(p) = p + 4. Let g be (-8)/4*26/(-4). Suppose -5*d = 7 + g. Calculate l(d).
0
Suppose 2*r + 2 = 4. Suppose 0 = -3*j + 7 - r. Let k(w) = j + 2*w + 0*w**2 + 2 - w**2. Determine k(4).
-4
Let g(w) = -w**2 - 3*w - 3. Let k be g(-3). Let a(b) = -b**2 - 4*b - 3. What is a(k)?
0
Suppose 2*h = -3*a + 3, -2*a + 3*h = -4*a + 7. Let l(s) = -23*s**2 - 10*s. Let f(k) = 0*k**2 + 4*k**2 + 3*k + 4*k**2. Let g(c) = 7*f(c) + 2*l(c). What is g(a)?
9
Let b(z) = -2 - 4*z + 2*z + 3*z**3 + 2*z**3 - 6*z**3 - 2*z**2. Let d = -3 - -2. Let o = -1 + d. Calculate b(o).
2
Let o(f) = -6*f**2 + f + 3. Let c(k) = -k**3 + k**2 - 1. Let b(x) = -c(x) - o(x). Calculate b(-5).
3
Let d(t) = -t + 3. Let h be d(14). Let q(p) = 8*p + 32. Let f(c) = 3*c + 11. Let l(i) = h*f(i) + 4*q(i). What is l(5)?
2
Let j(u) = -u**2 + 15 - 3*u - 4*u - u. Let c be j(-9). Let o(d) = d**2 - 5*d - 2. Determine o(c).
4
Suppose -2*w + 2 = -4*x, 3*w = -3*x + 13 + 8. Let d be 2/8 - (-6)/8. Let v(g) = -d - g**2 - g**3 - 2*g + 3 + x*g. Determine v(0).
2
Let j = 8 - 5. Let g(z) = -j*z - 7*z**2 + 2*z**3 + 10*z**2 + z**3 + 2 + 4*z. Suppose 13 = -5*b - 3*m, 1 = m + 2. Calculate g(b).
-12
Suppose 7*k = 3*k - 2*p - 16, -9 = 3*k + 3*p. Let a(b) = b + 5. What is a(k)?
0
Let i(d) = -d - 13. Let b be i(-18). Let f(p) = 14*p - 2*p**2 + b*p**2 - 4 - 12*p. Calculate f(-3).
17
Let f = 7 + -7. Let o(r) = r**3 + r**2 - r + 3. Determine o(f).
3
Let t(w) be the third derivative of -w**6/120 - w**5/60 - w**4/24 + 5*w**3/6 - 5*w**2. What is t(0)?
5
Let t(s) = s + 6. Let o(v) = v. Let w(y) = -4*o(y) + t(y). What is w(4)?
-6
Let v(j) = -5*j**3 + 0*j**2 + 3*j**2 + j + 13*j**3 - 9*j**3 + 3. Give v(3).
6
Let w(t) = -t - 3. Let s be w(-4). Let v(h) = -h**2 - h**3 - 3 + 3 + s - 6*h**3 + h. Determine v(-1).
6
Let z(u) = -u**2 + 5*u - 5. Let v = 9 - 9. Suppose v = 2*l - 10 - 0. Calculate z(l).
-5
Suppose 0 - 4 = -2*d. Let t(k) = -k + d + k**2 - k - 1 - 4*k**3. Determine t(1).
-4
Let q(k) = -1 - 1 + k + 1. Let m = 3 + -5. Give q(m).
-3
Suppose 0 = -4*o + q - 17, -2*q + 0*q + 14 = -3*o. Let p(n) be the first derivative of -n**4/